*b - 10. Let k be o(-10). Suppose -d = d - k. Calculate the remainder when (33/2)/(6/16) is divided by d.
14
Let a = -225 - -235. Calculate the remainder when a is divided by 6.
4
Let i = 1 + -2. Suppose 2*f - 2*u = -2, 0 = 3*f + 3*u + 12 - 39. Calculate the remainder when 20 + i + -1 + 0 is divided by f.
2
Let v = 402 - 394. Suppose 2*s + 3*s - 40 = -5*d, s = 5*d - 10. Calculate the remainder when v is divided by s.
3
Let p(m) = 9*m. Let n be p(-1). Let f(i) = -7*i + 8. Let o(d) = -20*d + 24. Let v(j) = 7*f(j) - 2*o(j). Calculate the remainder when v(n) is divided by 30.
29
Suppose 0 = 6*k - 87 - 1383. What is the remainder when k is divided by 83?
79
What is the remainder when 125 is divided by (-1)/(-2*(-2)/(-56))?
13
Let w = 525 + -362. What is the remainder when w is divided by 47?
22
Let b(h) = -19*h - 9. Let n be b(5). Let x = -13 + 13. Calculate the remainder when -1*(n/4 - x) is divided by 14.
12
Suppose 706 = 3*b + 2*m, -8*m + 235 = b - 7*m. Calculate the remainder when b is divided by 60.
56
Let i(h) = -h + 20. Let o be i(9). Let v = o - 6. Suppose v*g = -s + 28, -44 = -2*s - 3*s - g. What is the remainder when 21 is divided by s?
5
Let p be 2/((-10)/5) + -3. Calculate the remainder when 255*(-4)/48*p is divided by 29.
27
Let i(p) = -3*p - 2. Let v be i(-6). Suppose -g + 7 = 4. Suppose 3*r = -2*l + 17 + 9, -g*r = -4*l + v. What is the remainder when l is divided by 3?
1
Suppose -2*w + 2*p = -7*w - 371, -2*p + 4 = 0. Let b = 139 + w. Calculate the remainder when b is divided by 14.
8
Suppose -197 = -2*d + 357. Suppose -5*z - d = -4*m, 3*m + 3*z = 46 + 155. What is the remainder when m is divided by 25?
18
Let a(u) = 6*u**2 + 89*u + 7. Calculate the remainder when 107 is divided by a(-15).
19
Let y(i) = -5*i + 7. Let z be y(4). Let x(t) = t**3 + 13*t**2 - 4*t - 40. What is the remainder when 71 is divided by x(z)?
11
Let v = -42 + 47. Let w(d) = -d**2 + 6*d + 6. What is the remainder when 21 is divided by w(v)?
10
Let u = -5 - 0. Let m = u + 7. What is the remainder when m/(-5) - 157/(-5) is divided by 16?
15
Let o = -275 + 359. What is the remainder when 584 is divided by o?
80
Let w = -19 - -23. Suppose -l + 2*k + 14 + 9 = 0, 0 = -w*l + 4*k + 92. Calculate the remainder when l is divided by 8.
7
Let a = -148 - -152. Suppose 4*j + 7 + 2 = q, -2*q + 42 = a*j. Suppose 4*w = 3*l + 42, 3*w + 2*l - 20 = 3. What is the remainder when q is divided by w?
8
Let p(a) = -8*a + 5. Suppose 2*m - 36 = -2*m. What is the remainder when p(-3) is divided by m?
2
Let w(t) = -56*t - 101. Suppose -2*k + 3*v = -92, v = -5*k + 5*v + 223. What is the remainder when k is divided by w(-2)?
10
Suppose -4*t = -q - 332, -5*t = -10*t - 4*q + 436. Let c = -151 - -180. Calculate the remainder when t is divided by c.
26
Suppose -27*x + 874 = -8*x. Let o = 13 + -6. What is the remainder when x is divided by o?
4
Let n(g) = g**2 - 15*g + 34. What is the remainder when n(-15) is divided by 9?
7
Let v(t) = -t**2 - 11*t - 5. Let x be v(-10). Suppose -98 - 127 = -x*f. Suppose 0 = 5*g - 3*h + 5*h - 80, 0 = 4*h. What is the remainder when f is divided by g?
13
Let c(o) = -o + 5. Let g be c(9). Let n(f) = 2*f**2 - 3. Calculate the remainder when n(3) is divided by 3/((-2)/g - 0).
3
Suppose -v + 20 = 5*w, w = -3*v + 48 + 40. What is the remainder when 65 is divided by v?
5
Let n = -694 - -837. What is the remainder when n is divided by 45?
8
Let o(j) = 17*j**2 - 6*j - 4. Let n = 69 - 71. Calculate the remainder when o(n) is divided by 26.
24
Let w = 376 - 273. What is the remainder when w is divided by 34?
1
Let u(a) = 49*a**2 - 2*a - 1. What is the remainder when u(-1) is divided by (-117)/(-27)*1*3?
11
Suppose 0 = 5*t + 5*j + 5, 0 = 3*j - 4*j - 2. Suppose 236 = 4*n - q - 124, -3*n - 4*q = -289. Calculate the remainder when n is divided by (-92)/(-4) + (t - 1).
22
Calculate the remainder when 441 is divided by -4*1*676/(-104).
25
Let r be -6*4/24*-4. Suppose 0 = t - r*t + 12. Suppose c = t*c + 6, -2*d = -c - 52. Calculate the remainder when d is divided by 14.
11
Let j = 209 + -116. What is the remainder when j is divided by 50?
43
Let s(u) = 17*u + 37. Let q be s(5). Let w = q + -107. Calculate the remainder when w is divided by 9.
6
Suppose -z - z + 26 = 0. Let i = z + 12. Let f(t) = -4*t - 29. What is the remainder when f(-19) is divided by i?
22
Let u(c) = 13*c + 46. Let x be u(9). Suppose 86 = -w + x. Calculate the remainder when w is divided by 27.
23
Let y(a) = 73*a - 21. Calculate the remainder when 483 is divided by y(2).
108
Let x(j) = j**3 + 15*j**2 - 2*j - 30. Let o be x(-15). Suppose 0 = v - o*v - 6. Calculate the remainder when 23 is divided by v.
5
Let m = -33 + 35. Suppose 0 = -m*b - 2*a - 2, 2*b = -4*a + 6 - 18. Suppose b*q = -0*o - o + 15, 4 = -4*q. Calculate the remainder when 52 is divided by o.
14
Suppose -4*t = 5*g - 10, 0 = g + 4*t + 11 + 3. Calculate the remainder when -3 + 11/5 + 288/10 is divided by g.
4
Suppose 3*d - 396 = 5*g, d - 6*g = -2*g + 125. What is the remainder when d is divided by 24?
17
Let k = 102 - 96. Let x = k - -17. Calculate the remainder when x is divided by 8.
7
Suppose -k = 2*k - 4*m + 186, -5*k - 293 = -m. Suppose 0 = 31*y - 6*y + 925. Let g = y - k. Calculate the remainder when 61 is divided by g.
19
Suppose 103 = 5*i + 41*h - 43*h, -4*h = 2*i - 46. Calculate the remainder when 78 is divided by i.
15
Let n be (3 + 21/(-6))*-8. Suppose -8 = -2*l + 2*q, -8*q = -n*l - 3*q + 15. Suppose l*a - 4*a - 10 = 0. What is the remainder when 19 is divided by a?
9
Suppose 2*q - 5 - 1 = 0. Suppose 0 = 2*f, -3*i + 30 = 2*i + q*f. Calculate the remainder when i is divided by 3.
0
Let r(h) = 2*h**2 - 7*h + 5. Let x(c) = c**3 - 15*c**2 + 5. Let j be x(15). Calculate the remainder when 77 is divided by r(j).
17
Suppose -w + 4*v = -2*w + 52, -2*w - 3*v + 84 = 0. Suppose 0 = 2*z - 0*z - w. What is the remainder when 30 is divided by z?
12
Suppose 94*s = 95*s - 23. Calculate the remainder when 57 is divided by s.
11
Let d = -12 - -19. Suppose 2*f - 17 = 3. Suppose -11*h = -16*h + f. Calculate the remainder when d is divided by h.
1
Let z = 183 + -175. Suppose 5*n = 5*g - 133 + 18, 0 = -5*n. Calculate the remainder when g is divided by z.
7
Let z(j) = 12*j**2 - 3*j + 16*j + j**3 - 8 + 5*j**2 - 3. Calculate the remainder when 183 is divided by z(-16).
35
Let n be (8/(-14))/((-8)/56). Suppose -n*a = v + v - 58, 2*a + 5*v = 17. What is the remainder when 143 is divided by a?
15
Suppose 4*v + 34 = 4*f - 22, -4*f - 3*v = -35. Calculate the remainder when 57 is divided by f.
2
Suppose 128*m = 959 + 12097. Calculate the remainder when m is divided by 51.
0
Suppose 4 = 6*h - 4*h. Suppose h*j + 40 = 5*j - 5*b, 0 = -j + 3*b + 12. What is the remainder when j is divided by 5?
0
Let x = -9 + 21. Let u(m) = -32*m**3 + 2*m + 3. Let h be u(-1). Suppose 198 = 5*r + h. Calculate the remainder when r is divided by x.
9
Suppose 5*x = -0*x + 4*m + 51, x - m = 10. Suppose 20 - 8 = 2*h. What is the remainder when (6/(-3))/(h/(-87)) is divided by x?
7
Let a = -30 + 129. Suppose -12*h + 21*h - 306 = 0. What is the remainder when a is divided by h?
31
Calculate the remainder when 29 - 1 - 182/(-26) is divided by 18.
17
Suppose 2*x = -4*l + 114, 2*l - 12 = -2*x + 40. Calculate the remainder when l is divided by 70/4 + 24/16.
12
Suppose -5*z = -3*s + 6, -3*z = 3*s - 4*z - 6. Suppose -i + 5*d = -15, -d - 23 = -s*i + 2*d. Calculate the remainder when 19 is divided by i.
9
Let d(m) = 15*m - 2*m + 0*m - 1 + 0*m. Suppose 165 = 4*c + 5*v, 11*c - 14*c - 2*v + 115 = 0. What is the remainder when c is divided by d(1)?
11
Let u = -234 + 118. Let d = -99 - u. What is the remainder when 31 is divided by d?
14
Let b = 83 - 41. What is the remainder when b is divided by 23?
19
Let r = -258 - -282. Calculate the remainder when 43 is divided by r.
19
Let l(u) = -15*u - 7. Let j(h) = -9*h**3 + 4*h**2 + 4*h + 1. Let d be j(-1). What is the remainder when l(-6) is divided by (-8)/5*(2 + (-195)/d)?
27
Suppose 3*m - i + 70 = 7*m, -2*m + 38 = 2*i. Suppose -4*k + 7*k - 4*x - 181 = 0, k = -5*x + 92. Calculate the remainder when k is divided by m.
16
Suppose 123*m = 144*m - 10311. Calculate the remainder when m is divided by 99.
95
Let s = 7 - 5. Let h(w) = -2*w**2 - 5*w - 1. Let t be h(-3). Wha